(0).
31
Let i(t) = t**3 - 406*t**2 + 1991*t - 97. Calculate i(5).
-167
Let n(u) = -u**3 + 5*u**2 + 10*u - 14. Determine n(-5).
186
Let c(f) = -4704*f + 25713. What is c(5)?
2193
Let j(o) = 2*o**3 + 32*o**2 - 66*o - 208. Determine j(-18).
-316
Let j(b) = -228*b + 4543. Give j(18).
439
Let v(q) = q**2 + 1177*q + 89794. What is v(-82)?
4
Let q(z) = 2*z**3 - 302*z**2 - 4204*z - 9848. What is q(164)?
-8
Let h(z) = -z**2 - 188*z - 3913. Calculate h(-27).
434
Let d(y) = -113*y**2 - 998*y - 747. Determine d(-8).
5
Let r(t) = -t**3 + 113*t**2 - 213*t - 974. Determine r(4).
-82
Let l(w) = -473*w**2 - 5663*w + 49. Determine l(-12).
-107
Let p(m) = -11*m**2 - 993*m + 46464. Give p(34).
-14
Let q(v) = -239*v**2 + 92041*v - 10000. What is q(385)?
10
Let z(d) = 75*d**2 + 98*d - 133. Calculate z(2).
363
Let b(c) = c**3 - 14*c**2 - 239*c - 224. Determine b(-10).
-234
Let x(o) = -376*o**2 + 2999*o + 77. What is x(8)?
5
Let u(b) = 32084*b - 545424. Calculate u(17).
4
Let o(q) = -5905*q + 3147334. Calculate o(533).
-31
Let z(c) = c**3 + 100*c**2 + 1518*c - 19485. Determine z(-77).
-4
Let n(k) = -k**3 - 869*k**2 + 7840*k - 54410. Determine n(-878).
26
Let j(d) = -19*d**3 - 48*d**2 + 30*d + 12. What is j(-3)?
3
Let n(d) = -12145*d**2 + 72870*d + 5. Calculate n(6).
5
Let j(s) = 479*s + 51273. Give j(-107).
20
Let u(h) = -852*h - 18073. Calculate u(-16).
-4441
Let q(n) = -41*n + 5048. Give q(119).
169
Let i(v) = v**3 + 76*v**2 + 145*v + 951. Determine i(-75).
-4299
Let b(t) = -358*t + 1050. Determine b(4).
-382
Let m(g) = 4*g**2 - 210*g + 70. Give m(36).
-2306
Let x(f) = 4*f**3 - 47*f**2 + 4*f - 197. Give x(12).
-5
Let i(o) = -o**3 + 30*o**2 + 20*o + 450. What is i(31)?
109
Let h(n) = -3768*n + 260026. What is h(69)?
34
Let h(x) = 186*x**2 + 351*x + 353. Determine h(-1).
188
Let i(c) = -16107*c - 144888. Give i(-9).
75
Let f(l) = 10009*l - 17473. Give f(2).
2545
Let i(g) = -2*g**3 + 28*g**2 + 3595*g - 15885. Calculate i(48).
3
Let u(i) = i**3 + 9*i**2 - 22*i - 36. Give u(-12).
-204
Let f(t) = -52*t**3 - 1667*t**2 + 98*t + 6211. Give f(-32).
3
Let j(k) = 202*k - 2996. What is j(15)?
34
Let j(x) = -x**3 + 10*x**2 + 58*x - 608. What is j(10)?
-28
Let w(f) = 3404*f + 14194. Give w(-5).
-2826
Let b(w) = -w**3 - 14*w**2 + 56*w - 304. Determine b(-18).
-16
Let x(r) = 1133*r - 7945. What is x(9)?
2252
Let w(r) = -1025*r - 547379. Determine w(-534).
-29
Let y(d) = -197558*d - 3951161. What is y(-20)?
-1
Let d(o) = -o**2 - 38*o - 523. Determine d(-18).
-163
Let h(p) = p**3 + 4*p**2 - 349*p + 131. Determine h(-21).
-37
Let j(r) = -r**3 - 7*r**2 + 58*r + 353. Give j(-8).
-47
Let v(a) = -a**2 + 670*a + 14662. Calculate v(-21).
151
Let i(m) = 2*m**2 - 37954*m - 1178447. Give i(-31).
49
Let i(q) = 2*q**2 - 2312*q + 650119. Calculate i(673).
1
Let a(g) = 8*g**2 - 66*g + 207. What is a(10)?
347
Let a(t) = -5239*t + 21003. Calculate a(4).
47
Let o(y) = 1237*y + 2865. Determine o(-2).
391
Let u(f) = 609*f**2 - 26784*f - 529. What is u(44)?
-1
Let p(n) = n**2 + 15179*n + 332737. What is p(-22)?
-717
Let g(x) = x**2 - 981*x - 177381. Calculate g(-156).
-9
Let r(i) = -i**3 + 109*i**2 + 219*i + 268. Calculate r(111).
-65
Let c(t) = -55*t**2 + 1304*t - 7554. Calculate c(10).
-14
Let p(n) = 124*n + 5102. Calculate p(-38).
390
Let s(m) = 34*m**2 - 25733*m - 3280. Give s(757).
505
Let c(p) = 326*p - 32346. Give c(102).
906
Let f(k) = -13*k**3 + 169*k**2 + 1267*k - 16490. Give f(13).
-19
Let d(x) = x**3 - 412*x**2 - 6843*x - 2128. Determine d(428).
12
Let n(d) = 21712*d + 303944. Give n(-14).
-24
Let t(k) = -46*k**3 - 10*k**2 - 28*k - 25. Calculate t(-1).
39
Let m(l) = 2*l**2 + 852*l + 314. Determine m(0).
314
Let x(p) = -4*p**2 - 511*p - 1592. Determine x(-125).
-217
Let s(v) = -v**2 + 32528*v + 3197351. Determine s(-98).
3
Let s(j) = 18*j**2 + 1907*j - 72. Determine s(-106).
34
Let h(p) = -p**3 - 9*p**2 + 1257*p + 12445. Determine h(-10).
-25
Let t(p) = p**2 + 2922*p + 177324. What is t(-62)?
4
Let l(c) = -16220*c + 194583. What is l(12)?
-57
Let y(l) = 2582*l + 12594. Calculate y(-4).
2266
Let w(x) = 2*x**3 + 14*x**2 - 35*x - 104. Give w(-7).
141
Let g(a) = -a**3 + 574*a**2 - 1169*a + 14090. What is g(572)?
-210
Let n(s) = -8*s**2 + 187*s - 805. Calculate n(12).
287
Let b(r) = 71*r - 860. Give b(13).
63
Let s(c) = -4*c**3 + 31*c**2 - 3*c + 103. Determine s(7).
229
Let x(k) = 2*k**3 - 527*k**2 + 788*k - 373. Determine x(262).
151
Let d(z) = 32*z**2 - 480*z + 166. Calculate d(14).
-282
Let p(d) = 1003*d - 323963. What is p(323)?
6
Let s(w) = -w**3 + w**2 + 241*w - 429. Determine s(-15).
-444
Let b(q) = -q**3 - 17*q**2 - 367*q - 11676. Give b(-24).
1164
Let r(d) = -d**3 + 148*d**2 - 32*d + 5237. What is r(148)?
501
Let w(y) = -32*y**2 + 1205*y - 816. Calculate w(37).
-39
Let r(f) = 263*f**3 - 2895*f**2 + 51*f - 324. Give r(11).
-5
Let a(x) = -8*x**2 - 2317*x - 21564. Give a(-280).
-4
Let z(h) = 83*h + 3092. Determine z(-39).
-145
Let q(n) = -4*n + 239. Determine q(-86).
583
Let q(r) = 148*r**2 + 35669*r + 244. Calculate q(-241).
3
Let s(g) = -18*g - 3676. Give s(-203).
-22
Let z(l) = 3123*l + 137380. Determine z(-44).
-32
Let i(c) = c**3 - 5*c**2 + 807*c + 12. Determine i(0).
12
Let c(b) = -2*b**2 - 2*b + 1865. Give c(-49).
-2839
Let t(f) = 72*f**2 + 2227*f + 237. Calculate t(-32).
2701
Let x(g) = 1343*g + 252256. Give x(-187).
1115
Let c(n) = -n**3 - 81*n**2 + 963*n - 704. Determine c(10).
-174
Let z(l) = l**2 - 1904*l - 77754. Calculate z(-40).
6
Let i(a) = -a**2 - 582*a + 64316. Calculate i(95).
1
Let v(z) = -29*z**2 + 701*z - 2412. Determine v(4).
-72
Let s(o) = -2*o**3 - 21*o**2 - 3295*o - 36374. Give s(-11).
-8
Let a(c) = -56*c**2 - 19023*c + 5736. Determine a(-340).
-44
Let z(g) = 15*g**2 + 93*g + 108. What is z(-4)?
-24
Let c(n) = 32256*n + 4612605. Determine c(-143).
-3
Let p(s) = -166*s**2 - 4144*s - 24807. Calculate p(-15).
3
Let i(o) = 101289*o + 202580. Determine i(-2).
2
Let k(c) = -16*c**2 - 2754*c - 35833. Calculate k(-158).
-125
Let q(p) = 2*p**2 - 791455*p - 7123262. Determine q(-9).
-5
Let p(c) = -3939*c - 8166. Calculate p(-2).
-288
Let z(x) = -47*x**2 - 355*x + 26902. What is z(-28)?
-6
Let o(j) = -j**3 - 4*j**2 + 91889*j - 367554. What is o(4)?
-126
Let v(f) = f**3 - 211*f**2 - 8126*f + 18045. What is v(244)?
-11
Let h(i) = 15873*i + 333514. What is h(-21)?
181
Let u(p) = -6*p**2 + 46572*p - 372187. Give u(8).
5
Let j(m) = 9*m**2 - 5*m - 89. What is j(0)?
-89
Let f(o) = 600*o + 18553. Determine f(-31).
-47
Let g(k) = 2*k**3 + k**2 - 56*k - 102. What is g(0)?
-102
Let u(n) = -n**3 - 36*n**2 - 73*n - 1314. Determine u(-35).
16
Let v(f) = 6*f**3 + 26*f**2 - 1312*f - 6531. Give v(-5).
-71
Let s(q) = -2*q**2 - 924*q - 7532. What is s(-8)?
-268
Let o(a) = -10*a**2 - 2*a + 1194. What is o(9)?
366
Let m(v) = -22522*v - 517975. Determine m(-23).
31
Let p(t) = 193*t + 35045. Give p(-181).
112
Let k(q) = -q**2 - 2515*q + 1711113. What is k(557)?
9
Let j(s) = 845*s - 14550. Determine j(17).
-185
Let o(t) = -103*t**2 - 38*t - 106. Calculate o(-3).
-919
Let y(b) = b**2 - 152*b + 6431. What is y(89)?
824
Let v(i) = 2*i**2 + 1106*i + 59108. What is v(-493)?
-52
Let d(m) = m**3 + 163*m**2 - 1195*m - 986. Give d(-170).
-136
Let f(r) = -785*r - 8634. Calculate f(-11).
1
Let v(x) = -12204*x + 1220412. Determine v(100).
12
Let f(u) = -2*u**3 - 42*u**2 + 36*u + 911. Give f(-21).
155
Let b(f) = 7*f**3 + 36*f**2 + 401*f + 365. Give b(-1).
-7
Let b(c) = -15371*c + 169781. Determine b(11).
700
Let l(g) = -2148*g**2 - 350*g + 352. Give l(1).
-2146
Let r(t) = 205*t**2 - 10849*t - 340. Determine r(53).
508
Let z(m) = 32*m + 246. What is z(-11)?
-106
Let r(l) = 362*l - 113282. Give r(313).
24
Let o(n) = -n**3 + 256*n**2 - 1007*n - 248. Give o(252).
4
Let r(n) = n**2 + 76*n + 862. Determine r(-16).
-98
Let u(f) = 488281*f - 488268. Determine u(1).
13
Let o(u) = -29*u**3 + 658*u**2 + 28*u + 4124. Give o(23).
7
Let x(n) = -209*n**2 - 339431*n - 24360. Calculate x(-1624).
0
Let x(i) = 84*i + 15425. Determine x(-187).
-283
Let a(l) = 10*l**2 - 1494*l - 14250. Calculate a(-9).
6
Let w(k) = 2*k**3 + 40*k**2 - 953*k - 17296. Give w(-16).
0
Let r(m) = 4*m**2 + 523*m - 144. Give r(-137).
3281
Let v(a) = 196*a**2 - 1137*a - 157. What is v(6)?
77
Let g(r) = 114*r**3 - 8*r**2 - 18*r - 16. Give g(-1).
-120
Let 